+ -2. What is z(w)?
-5
Suppose -o + 3*k = 0, -5*k - 20 = -5*o - 0*o. Let h(s) = s**2 - 5*s - 1. Give h(o).
5
Let w(q) = q**2 - 6*q + 1. Let k be -2*(-25)/(-40)*-4. Calculate w(k).
-4
Let m = 2/181 + 157/2172. Let f(x) be the second derivative of -1/2*x**2 + 0 - m*x**4 - 2*x - 1/2*x**3. Give f(-3).
-1
Let d(r) = 4*r**2 + 0*r**2 - r**2 - 2*r**2. Suppose 0 = 2*p + 2. Determine d(p).
1
Let x(d) = -4*d**2 - 1. Let o = 75 - 76. Determine x(o).
-5
Let o = -5 - -20. Suppose -3*p + 0*p = o. Let a(l) = -l**2 - 5*l - 3. Calculate a(p).
-3
Let k(a) = -3*a + 5. Let l(n) = 13*n + 1. Let v be l(1). Let s = -9 + v. Suppose -5*d + 17 = 3*h, -5*d + s = h - 4. Determine k(h).
-7
Suppose -20 = -4*f + o - 0*o, -12 = 3*o. Let l = f + -5. Let p(t) = 1. Let n(i) = 10*i**3 - i**2 + 3. Let v(z) = -n(z) + 2*p(z). Calculate v(l).
10
Let b(v) = -v**2 + v. Let y(g) = -3*g**2 + 4*g + 1. Suppose -2 = -4*h - 10. Let l(r) = h*y(r) + 7*b(r). Give l(3).
-14
Let t(h) = -h. Let n(y) = 7*y + 9. Let v(z) = -n(z) - 2*t(z). Let q(c) = -3*c - 5. Let p(u) = -11*q(u) + 6*v(u). Give p(-1).
-2
Let s(y) be the first derivative of -3*y**2/2 - 4*y - 18. What is s(-4)?
8
Let g(l) be the third derivative of 0 + 0*l - 1/6*l**4 - l**2 - 1/60*l**5 - 1/2*l**3. What is g(-4)?
-3
Let q(m) = -m + 1. Suppose -o = 5*l - 4, -5*o - 2*l - 24 = l. Let i = o + 11. Give q(i).
-4
Let k(w) be the second derivative of -w**3/6 + 2*w**2 + w. What is k(3)?
1
Let k(c) be the third derivative of c**6/120 + c**5/15 + c**4/24 - 2*c**3/3 - 3*c**2. Let v be (-27)/18*(-8)/(-3). Give k(v).
-8
Let s(a) = a**3 - a**2 - 4*a. Suppose -3*l - 1 = 5*f, -31 = -3*l + 4*f - 14. Calculate s(l).
6
Let u(z) = -z**3 + 4*z**2 - z - 4. Suppose 4*q - 9 = 7. Suppose 0 = -5*j - c + 10, -j - 2 + 4 = -2*c. Suppose 3*o = 0, -q*a - o + j*o + 12 = 0. Determine u(a).
2
Let w = 4 + -2. Suppose 3*a - w*h = 1, -3*a + 5*h - 2 = -0*a. Let r(q) = -q + a - 4 + 1 - 2. What is r(5)?
-9
Let p be ((-16)/(-6))/((-8)/(-12)). Suppose -6*x = -2*x - p. Let q(d) = x - d - 4 + 2. Give q(-4).
3
Suppose -h = -0*h. Let z(l) = -1 + 6*l + h + 1. Determine z(-1).
-6
Suppose p = 5*p - 12. Let w(c) = -c**3 + 4*c**2 - 2*c + 4. Calculate w(p).
7
Let y = 17 - 17. Let j(r) = r + 11. What is j(y)?
11
Let s(j) = -j**3 - 5*j**2 - 6*j - 4. Let k be s(-4). Let g be k/20 + (-62)/10. Let n = 10 + g. Let c(p) = -p**3 + 5*p**2 - 7*p + 5. What is c(n)?
-7
Let r(m) = m**2 + 13*m - 1. Let f be r(-13). Let h(j) = 9*j. Give h(f).
-9
Let h(c) = c - 2. Let s = 6 + -9. Let f(n) = -2*n + 5. Let o(d) = s*f(d) - 7*h(d). Calculate o(-1).
0
Suppose -2 = -2*d, -5*m + m + 21 = d. Let x(h) = h**2 + h + 7. Let w(o) = 3*o**2 + o + 15. Let g(v) = m*x(v) - 2*w(v). What is g(4)?
1
Let z(p) = 5*p + 5. Let t be z(-2). Let a(y) = -y**2 - 4*y + y - 2*y - 1. Calculate a(t).
-1
Let n(u) be the second derivative of -u**3/6 - 2*u**2 - 2*u. Calculate n(-3).
-1
Let i = -66 - -67. Let u(p) = -p**3 + 2*p**2 - 1. Determine u(i).
0
Let d = 22 - 15. Let l(i) = -i**2 + 7*i - 1. Calculate l(d).
-1
Let s(x) be the third derivative of x**4/12 - 2*x**3/3 - 27*x**2. Give s(-3).
-10
Let c = 1 + 2. Let n be 1/c*(-15)/(-5). Let i(x) = 0*x - 2*x + 0 - 1. What is i(n)?
-3
Let z(w) = 4*w**2 - 4*w - 1. Let m(x) = 3*x**2 - 3*x - 2. Let c(l) = -3*m(l) + 2*z(l). Let y(g) = 3*g**2 - g - 1. Let u be y(-1). Calculate c(u).
-2
Suppose 28 = -5*f - 2. Let q(m) = -m**3 - 8*m**2 - 8*m + 6. Determine q(f).
-18
Suppose 0 = -3*m + 7*m. Suppose m = -4*k + 3*k + 4, f = 3*k - 17. Let w be f*3/(15/(-2)). Let p(z) = z**3 - 2*z - 1. What is p(w)?
3
Suppose -4*z + 11 + 29 = 0. Suppose 4*p = -p + z. Let w(t) = -p*t + t**3 + 7*t - 2*t**3 - 3*t + t**2 - 2. Determine w(2).
-2
Suppose 0 = -4*r + r + 18. Let b(c) = c**2 - 5*c - 3. Calculate b(r).
3
Let s(p) be the third derivative of p**6/120 - p**5/12 - p**4/4 - p**3/2 - 5*p**2. What is s(6)?
-3
Let a(l) = -5*l - 1. Let d(w) = 4*w + 1. Suppose 2*f + 12 = -f. Let z(y) = f*d(y) - 3*a(y). Determine z(-6).
5
Let z be (-1 - -3)/(-3 + (-4)/(-1)). Let q(g) be the first derivative of -5*g - 3/2*g**z + 2 + 1/3*g**3. Give q(5).
5
Let k(y) = -3*y**2 - 6*y + 5. Let i(u) = 7*u**2 + 11*u - 10. Let l(m) = 2*i(m) + 5*k(m). Give l(-8).
5
Suppose 2*h + 5*m + 8 = 0, 6 = 2*h - 0*m - 2*m. Let j(g) = -5*g - 2*g + g. What is j(h)?
-6
Let z(b) be the third derivative of b**8/6720 + b**7/360 + b**6/120 - b**5/60 - b**4/8 - 4*b**2. Let f(s) be the second derivative of z(s). Give f(-6).
-2
Let i(w) = -9*w - 4. Let y(u) = 10*u + 4. Let q(z) = 6*i(z) + 5*y(z). What is q(3)?
-16
Let f(k) = -3*k**2 - k**2 - 3*k + 2*k. Calculate f(-1).
-3
Let l be 80/24 - (-4)/6. Suppose -l*h - 4 = 8. Let y(b) be the second derivative of -b**5/20 - b**4/6 + b**3/3 + b**2/2 - b. Determine y(h).
4
Let g(f) = 7*f - 7*f**3 + 0*f**3 + f**2 - 2*f - 4*f. Give g(-1).
7
Let f(a) = 3*a. Let u = 8 - -3. Let l = 23 + -16. Let k = u - l. Give f(k).
12
Let m(w) = -1. Let f(q) = 5*q. Let p(t) = 2*t. Let h(u) = 3*f(u) - 7*p(u). Let v(o) = h(o) - 2*m(o). Determine v(6).
8
Let j(x) be the first derivative of 3*x**2/2 + 4*x - 4. Let v(l) = -l**3 + 3*l**2 + 4*l - 4. Let c be v(4). Determine j(c).
-8
Let r(g) = -9*g - 5. Let k(j) = 5*j + 1. Let n(p) = -20*p - 3. Let u(x) = -9*k(x) - 2*n(x). Let c(w) = 4*r(w) - 7*u(w). What is c(0)?
1
Let o(t) = -3*t + 1. Let k be 5/(-1) - (5 - 11 - -3). Give o(k).
7
Let k(d) = 2*d + 9. Let j be k(-7). Let x = j - -3. Let z be (-1)/(-2)*4/x. Let y(q) = -5*q**3 + 2*q + 1. Give y(z).
4
Let w(g) be the first derivative of -9 + 1/3*g**3 + 4*g + 4*g**2. Determine w(-5).
-11
Let j(d) be the third derivative of 5*d**2 + 0*d - 1/8*d**4 + 0 - 2/3*d**3. Let p = 0 + -3. Give j(p).
5
Suppose 15 = -2*g - 3*g. Let w(j) = 3*j + 4. What is w(g)?
-5
Let c(s) be the third derivative of s**5/60 + s**4/4 + 2*s**3/3 + 30*s**2. Determine c(-5).
-1
Let r(a) = 4*a**3 + 6*a**2 - 3*a - 2. Let y(h) = 3*h**3 + 6*h**2 - 2*h - 2. Let g(o) = 4*r(o) - 5*y(o). Let n(c) = -2*c + 24. Let u be n(9). Give g(u).
-10
Suppose 4*k = 4*q + 4, 2*k + 3*q - 7 = 5. Let h(w) = -w**2 + 3*w. Give h(k).
0
Let v(g) be the third derivative of g**6/120 - g**5/20 + g**4/12 + g**3/3 - g**2. Let q be 25/15 - (-2)/6. Calculate v(q).
2
Let n = -30 - -30. Let f(v) be the third derivative of 1/6*v**3 + n*v**4 + 1/20*v**5 + 0*v - 3*v**2 + 0. Give f(2).
13
Let o(f) = -1 + 2*f**2 - f**2 + 2*f + f**2. Suppose -1 = 4*p - 5. Determine o(p).
3
Let c = -6 - -7. Let f(y) = -7*y + 1. Let u(j) = j + 1. Let n(g) = c*f(g) + 6*u(g). Calculate n(-5).
12
Suppose -h - 30 = 5*o - 6*h, 0 = 4*o + 2*h. Let c(b) = -5 + 1 + 5*b - 2*b**2 - 2*b**2. Let w(l) = -5*l**2 + 6*l - 5. Let a(k) = -6*c(k) + 5*w(k). What is a(o)?
-5
Suppose -j = -2*j + 4. Suppose 2*d + 2*d + 4*x - 8 = 0, -j = -4*d - 2*x. Suppose 2*y + y + 6 = d. Let a(l) = -l**2 - 4*l - 3. Determine a(y).
1
Let o(d) = -d**3 - d**2 + 2. Let m be o(0). Let y = m - 0. Let w(c) = -c + 1. Give w(y).
-1
Let m(t) = t**3 - 4*t**2 + 3*t - 5. Suppose 10 = 5*a - r + 5*r, 0 = 4*a + 2*r - 8. Let l(o) = 2*o**3 + o. Let q be l(a). Let d be 6/1*q/27. Give m(d).
7
Let f(c) be the third derivative of 3*c**4/8 + c**3/3 + 48*c**2. Determine f(-2).
-16
Let w(z) be the third derivative of 0 - 1/20*z**5 - 1/4*z**4 + 1/120*z**6 + 0*z + 2/3*z**3 + 5*z**2. Calculate w(4).
-4
Suppose 5*x - 3*x - 50 = 0. Let v(c) = -5*c**3 - 1. Let k be v(-1). Suppose -u + x = k*u. Let l(t) = t**3 - 4*t**2 - 6*t + 4. What is l(u)?
-1
Let k(c) = -c - 4. Let d(z) = -1. Let s(x) = x**2 + 4*x - 1. Let n be s(-4). Let j(w) = n*k(w) - 2*d(w). Let g(t) = t - 3. Let f be g(3). Determine j(f).
6
Let m be (11 + -5)/((-3)/(-4)). Let k(o) = o**2 - 9*o + 1. Determine k(m).
-7
Let s = -8 + 11. Let m(z) = -z**3 + 5*z**2 - 7*z + 3. Let g(f) = -f**3 + 5*f**2 - 6*f + 2. Let d(b) = 4*g(b) - 3*m(b). Give d(s).
8
Let o = 1 - 6. Let t(k) = -k**3 - 4*k**2 + 5*k + 1. Let n be t(-5). Let j(v) = -n + 3 - 2 - 2*v - 2. What is j(o)?
8
Suppose 5*f - 19 = -2*q, -4*f + 12 + 11 = -q. Suppose 0 = 2*c - 4, 2*c - 46 = f*o - c. Let j(h) = -h**2 - 10*h - 10. Give j(o).
6
Let a(n) be the first derivative of n**2 - 3*n + 1. Let x(i) = -i + 3. Let u be x(-5). Let k = u - 4. What is a(k)?
5
Let b be (-90)/75*5/(-3). Let g = -12 - -21. Let m(q) = -3*q**2 + g*q**2 + 2*q - 5*q**b. Calculate m(-4).
8
Let g(v) = -v**2 + v - 1. Let f = 12 - 7. Suppose t = -